?
-146
In base 4, what is 2 + -301?
-233
In base 7, what is 5 - -5632?
5640
In base 15, what is 9 + 2d?
37
In base 12, what is 5 - 5b?
-56
In base 8, what is -214 + -22?
-236
In base 7, what is -13 - -3330?
3314
In base 12, what is -174 + -23?
-197
In base 14, what is 1dd + -27?
1b6
In base 15, what is -1b + 2?
-19
In base 9, what is 0 - -652?
652
In base 13, what is 2 + -b?
-9
In base 12, what is -4 + 2b4?
2b0
In base 16, what is -37 + -9e?
-d5
In base 14, what is -15 + 68?
53
In base 9, what is 34 + -37?
-3
In base 9, what is 131 - -3?
134
In base 15, what is -d + a?
-3
In base 6, what is 31 - 322?
-251
In base 9, what is 0 + -8?
-8
In base 8, what is 121 + 13?
134
In base 5, what is 334 - 12?
322
In base 16, what is -e9 + -17?
-100
In base 4, what is 30 + 123?
213
In base 6, what is 120 + -23?
53
In base 4, what is -20032 - -130?
-13302
In base 15, what is 0 + -20b5?
-20b5
In base 6, what is 43 - 4?
35
In base 14, what is 26 - 37?
-11
In base 7, what is 2 - -400?
402
In base 13, what is 24c16 - 4?
24c12
In base 6, what is -240 + -2?
-242
In base 15, what is 275 + 2?
277
In base 5, what is 34 + -4?
30
In base 13, what is 58aa + 5?
58b2
In base 11, what is -2 + 217?
215
In base 11, what is 43a + -1?
439
In base 7, what is 4 + -34?
-30
In base 3, what is -10212 + -122?
-11111
In base 13, what is 73 + -5?
6b
In base 13, what is 3 + -116?
-113
In base 4, what is -121 + 102?
-13
In base 10, what is 16 + -1?
15
In base 9, what is 122 - 2?
120
In base 16, what is 39 - 4?
35
In base 3, what is 221 - 10?
211
In base 11, what is -497 + 4?
-493
In base 12, what is -a6 + -11?
-b7
In base 14, what is a + 3?
d
In base 3, what is 111 - 1022?
-211
In base 11, what is 10 + -119?
-109
In base 6, what is -3 + -120?
-123
In base 4, what is 2213 - 30?
2123
In base 4, what is -12111 - 3?
-12120
In base 5, what is -10 + 4421?
4411
In base 2, what is 1 + -111011?
-111010
In base 6, what is 401 + 2?
403
In base 15, what is -57 - 1d?
-75
In base 16, what is 3e + -2?
3c
In base 4, what is -2330 - 11?
-3001
In base 14, what is -5 - -13a?
135
In base 16, what is -4 - bf7?
-bfb
In base 4, what is -21112 + -1?
-21113
In base 6, what is -5 + 143?
134
In base 4, what is -2323 + -2?
-2331
In base 4, what is -102 - 121220?
-121322
In base 14, what is -2621 - -3?
-261c
In base 15, what is 133 + 16?
149
In base 12, what is 362 + -4?
35a
In base 8, what is -12 - 2?
-14
In base 10, what is -342 + -5?
-347
In base 15, what is 0 + 2d?
2d
In base 16, what is 20a + -e?
1fc
In base 8, what is 111 + -4?
105
In base 14, what is 3 - -42b?
430
In base 13, what is 5 - 51?
-49
In base 4, what is 1132000 + -10?
1131330
In base 6, what is -1424 - -22?
-1402
In base 11, what is -3 - -1a5?
1a2
In base 8, what is 16703 - 2?
16701
In base 11, what is 93 + -65?
29
In base 10, what is 1406 + 2?
1408
In base 3, what is 11 - 111211021?
-111211010
In base 16, what is 2 - -c2?
c4
In base 10, what is -9 + -83?
-92
In base 15, what is -7 - 658?
-660
In base 2, what is -10 - -101011000?
101010110
In base 4, what is 10010 - 1?
10003
In base 9, what is -121 - 0?
-121
In base 12, what is a + 73?
81
In base 14, what is 982 + -3?
97d
In base 14, what is 1 - 91?
-90
In base 16, what is -f1 + 5?
-ec
In base 8, what is 1 - -345?
346
In base 5, what is 3230102 - 3?
3230044
In base 6, what is 41 + -221?
-140
In base 10, what is -4407 - 0?
-4407
In base 15, what is -19 - 2?
-1b
In base 2, what is -10010110101 - 101?
-10010111010
In base 8, what is 1 - -5552?
5553
In base 10, what is -3 - 556?
-559
In base 6, what is 145 + 5?
154
In base 2, what is -1011101100001 + 101?
-1011101011100
In base 6, what is -3 - -24254?
24251
In base 10, what is 151 - 4?
147
In base 10, what is 3 + -449?
-446
In base 10, what is 1 - 1377?
-1376
In base 4, what is 101 - -102?
203
In base 6, what is 521 + 10?
531
In base 2, what is -101100010010 - -10?
-101100010000
In base 3, what is -11 - -10122?
10111
In base 2, what is -10 - 1101000?
-1101010
In base 9, what is -4 + -27?
-32
In base 5, what is 10 + 301?
311
In base 5, what is -400 + 342?
-3
In base 9, what is -45 - -4?
-41
In base 16, what is 3 + -24?
-21
In base 5, what is -102341 + -3?
-102344
In base 4, what is 10 + -102221?
-102211
In base 3, what is -10 - -1200222?
1200212
In base 10, what is -1 + -1098?
-1099
In base 2, what is -10000 - -1101110111?
1101100111
In base 12, what is -7a6 - -7?
-79b
In base 6, what is 20 + 3?
23
In base 9, what is 5 + 113?
118
In base 6, what is 12221 + 5?
12230
In base 9, what is -1438 + 3?
-1435
In base 15, what is 2 + a2?
a4
In base 16, what is 9f + 68?
107
In base 7, what is -21 + 16?
-2
In base 3, what is -201 - -11?
-120
In base 14, what is 62 - 7b?
-19
In base 16, what is -d0 + -17?
-e7
In base 3, what is -2212001 + -11?
-2212012
In base 10, what is 139 - 1?
138
In base 9, what is 1367 + -4?
1363
In base 10, what is -22 - 9?
-31
In base 4, what is 3 - 2021?
-2012
In base 13, what is -43 + 5?
-3b
In base 2, what is 10000 + 1110101111?
1110111111
In base 8, what is -5 - 305?
-312
In base 12, what is 12 - 5?
9
In base 11, what is a4 + -4?
a0
In base 2, what is 1 - 110000001?
-110000000
In base 12, what is -1886 + -a?
-1894
In base 10, what is -967 + 8?
-959
In base 16, what is 4 - 41c?
-418
In base 12, what is -b + -17?
-26
In base 14, what is 178 + 6?
180
In base 12, what is -759 - -3?
-756
In base 16, what is 9 + 0?
9
In base 5, what is -4 - -13013?
13004
In base 9, what is -10 - 23?
-33
In base 10, what is -5 + 194?
189
In base 5, what is 2302 - 3?
2244
In base 9, what is -75 + -82?
-167
In base 13, what is -3 - -8?
5
In base 15, what is -1018 - 2?
-101a
In base 5, what is -1324 - 4?
-1333
In base 10, what is -186 - 1?
-187
In base 12, what is 0 + 100?
100
In base 3, what is 11 + 200?
211
In base 3, what is 2 + 1010?
1012
In base 10, what is -8 + -23?
-31
In base 11, what is 9 - -a6?
104
In base 8, what is 134 - 60?
54
In base 13, what is -c9 - -2?
-c7
In base 12, what is 1 - 8?
-7
In base 11, what is -3 - -2908?
2905
In base 12, what is -5 + -26?
-2b
In base 6, what is -53 - 2?
-55
In base 11, what is -5 + 101a?
1015
In base 10, what is 4 + -5?
-1
In base 16, what is 23 + 61?
84
In base 10, what is -3 + -22?
-25
In base 13, what is 52b + 3?
531
In base 2, what is 10100111001 + 101?
10100111110
In base 15, what is 5 - 3e?
-39
In base 3, what is 11 + -101212?
-101201
In base 9, what is 0 - -21?
21
In base 2, what is -10011111 + 110110?
-1101001
In base 7, what is -323 + 60?
-233
In base 12, what is -1 + 198?
197
In base 15, what is -393 + -1?
-394
In base 7, what is -1 + 1016?
1015
In base 13, what is 110 + -2?
10b
In base 3, what is 2 + -212110?
-212101
In base 13, what is -4 - -38?
34
In base 8, what is -2 + 57?
55
In base 8, what is -1375 - 27?
-1424
In base 3, what is 22202 - 0?
22202
In base 14, what is 2 + -52?
-50
In base 5, what is 0 - -1002?
1002
In base 5, what is -104 + 14?
-40
In base 3, what is 12 + -12010?
-11221
In base 11, what is 5 - -712?
717
In base 3, what is 1101 - -212?
2020
In base 2, what is -110101101000 - 11?
-110101101011
In base 11, what is -3 - 164?
-167
In base 3, what is 111200 - -11?
111211
In base 6, what is -4222 - -1?
-4221
In base 10, what is -13 - 174?
-187
In base 3, what is -11 - 120100?
-120111
In base 15, what is 1 - 34?
-33
In base 9, what is -254 + 2?
-252
In base 2, what is 10101 - 10?
10011
In base 2, what is -10 - -1100010111?
1100010101
In base 14, what is 4 - 36?
-32
In base 7, what is -1241 + -46?
-1320
In base 8, what is 211 + -61?
130
In base 5, what is -1142 - -10?
-1132
In base 9, what is 43 + 22?
65
In base 10, what is -321 - -5?
-316
In base 2, what is 100101 + -1?
100100
In base 14, what is -815 + -5?
-81a
In base 14, what is c0 - 0?
c0
In base 15, what is -6 - 27?
-2d
In base 3, what is -2 + -122021?
-122100
In base 7, what is -53 - -232?
146
In base 12, what is -4 + -30a?
-312
In base 7, what is 62 - 2?
60
In base 2, what is 10001010000101 + -10?
10001010000011
In base 13, what is 9 - -272?
27b
In base 11, what is 5 - -44?
49
In base 11, what is 13 - 98?
-85
In base 3, what is 100102 - -102?
100211
In base 2, what is -100000001000100 - -10?
-100000001000010
In base 16, what is 2d + -1e?
f
In base 2, what is 11 + -101111?
-101100
In base 4, what is -1123 + 10?
-1113
In base 14, what 